1).
7
Let z(o) = 4*o - 4. Let x = -150 + 153. Determine z(x).
8
Let i be 4*(-3)/12*-1. Let x = i + 4. Let r = 6 - x. Let u(j) = 5*j + 1. Calculate u(r).
6
Let m = 9 - 4. Suppose -f = -m*f. Let u(l) = l**2 - 2 + f*l - 3*l + 0. Give u(3).
-2
Let g = -2 - -2. Let h = -5 + g. Let u(l) = -l**2 - 5*l - 1. What is u(h)?
-1
Suppose 0 = -2*b + 4 + 8. Let x(m) = 6*m - m**2 + 1 - b*m - m. Suppose -3*h = -5 - 1. What is x(h)?
-5
Let v be 2*4/40 - 11/5. Let z(u) = -2*u**3 - 4*u**2 - 4*u - 3. Give z(v).
5
Let i be -2 - 0 - 32/(-2). Let t = i + -9. Let g(p) = 6*p**3 - 5*p - 12. Let d(q) = q**3 + q**2 - q - 1. Let m(r) = -5*d(r) + g(r). Give m(t).
-7
Let q(c) = -2*c - 8. Let h be q(-8). Let a = h + -1. Let v(i) = -i**2 + 8*i - 1. Calculate v(a).
6
Let b(l) = 6*l**2 + l + 1. Let u(t) = t**2. Let p(m) = -b(m) - 2*u(m). Determine p(-1).
-8
Let a(q) be the first derivative of -q**3/3 - q**2 - 3*q - 24. What is a(-2)?
-3
Let y(q) = -q**2 + 7*q - 7. Let n(v) = v**3 + 11*v**2 - 13*v - 12. Suppose -33 - 27 = 5*p. Let g be n(p). Suppose g*i + 2*k = -i + 9, 2 = 2*i - 4*k. Give y(i).
3
Let a = 2 - 3. Let j be (1 - a)*4/(-8). Let h(u) = -3*u**2 - u - 3 - 3 + 5. Give h(j).
-3
Let n = 8 - 6. Let d(z) be the second derivative of -z**4/12 - z**3/6 + z**2/2 + 2*z. Let f(h) be the first derivative of d(h). Calculate f(n).
-5
Let n(c) = c**3 - 2*c + 3. Suppose 5*v = -17 - 43. Let a be 4/((-22)/v + -2). Let y be a/(-9) + 4/(-6). Determine n(y).
7
Let r(o) be the third derivative of -o**5/60 + o**4/3 - 27*o**2. Calculate r(6).
12
Suppose 5*j = -i - 0*i - 6, 4*j = 5*i + 30. Let b(g) = -g**2 - 2*g + 2. Let y be b(-3). Let r = i - y. Let s(q) = -q**2 - 6*q + 2. Determine s(r).
7
Let u = -4 - -9. Suppose g = 2*g - u. Let p(t) = -3 + 4*t**2 - g*t**2 + 0*t**2 + t**3 + 2. Give p(0).
-1
Let y(f) be the second derivative of -f**4/12 - f**3/6 - f**2/2 - 11*f. Give y(3).
-13
Let j(x) be the first derivative of -x**2 + 31. Suppose -3 = 4*h - 5*h. Determine j(h).
-6
Let w(a) = -2*a + 4. Let y(b) = 3*b - 18. Let o(t) = 2*t - 17. Let p(f) = 4*o(f) - 3*y(f). Let q = -103 - -93. Let v be p(q). Determine w(v).
12
Let n(x) = 6*x**2 - 3*x + 1. Let l = 79 + -77. Determine n(l).
19
Let h(i) = i**3 - i**2 - 2*i - 4. Let s(a) = a**3 - a**2 - 2*a - 3. Let n(t) = -2*h(t) + 3*s(t). Let w = -5 + 7. Suppose 0 = w*f - 4. Determine n(f).
-1
Let t(j) be the second derivative of -j**3/3 + j**2 + 17*j. Determine t(-3).
8
Let z(s) = -1. Let f(y) = y + 6. Let n(i) = -f(i) - 4*z(i). Let v be (1 - 1) + (-3 - 1). Let t be n(v). Let g(m) = -2*m**3 + 3*m**2 - 3*m + 3. Calculate g(t).
-7
Let d(m) = -m**3 - 2*m**2 - 3*m - 2. Suppose 0*f - f = 0. Let t = f + 1. Let u = t + -3. Determine d(u).
4
Let r(v) be the third derivative of v**6/120 + v**5/20 - v**4/6 - 5*v**3/6 + 112*v**2. Let k be (-2)/(-5) + 44/(-10). Give r(k).
-5
Let y(k) = -2*k**2 - 3 - k**3 + 0 + k**2. Suppose -1 = -5*b + 14. Let m = -3 + b. What is y(m)?
-3
Let i(y) = -y**3 + 6*y**2 - 5*y + 5. Let b = 81 - 41. Suppose -q = w, 2*w + 4*q + b = 6*w. Determine i(w).
5
Let h(v) = 2*v**2 + 4*v + 2. Suppose 3*u = 4*u - 5*q + 13, 3*u + 7 = -q. Let y = 1 - u. Let i = 1 - y. Give h(i).
8
Suppose -5*f = -2*f. Let x(a) = -a**3 + 5. Let d be x(f). Let j(l) = -l**2 + 3*l + 5. Give j(d).
-5
Let v(y) = -1. Let x(l) = 8 + l - 2 - 2. Let f(b) = 5*v(b) + x(b). Let u be ((-60)/(-70))/(2/14). Calculate f(u).
5
Let y(c) = -4 - 4 + 6*c - 3 + 3 + c**2. What is y(-6)?
-8
Suppose 17*h = 15*h - 2. Let w(v) = -5*v - 1. Determine w(h).
4
Let n(s) = -3 - 2 + 0*s**2 + s**2. Let z be ((-9)/(-3) - -3) + -3. Suppose -7*v + z*v + 20 = -2*a, 4*v - 10 = -3*a. Give n(v).
11
Let o(g) = -67 + 2*g - 3*g + 57. Determine o(-7).
-3
Let c(o) = 3*o**2 + 2*o - 1. Let a = 6 + -5. Calculate c(a).
4
Let r(y) = y + 12. Let s = -4 + 4. What is r(s)?
12
Let d(k) = k**3 - 4*k**2 + k. Let h be (4/6)/((-20)/(-90)). Give d(h).
-6
Let c(s) be the third derivative of -s**6/360 - s**5/24 - s**4/6 - s**3/6 + s**2. Let x(u) be the first derivative of c(u). What is x(-5)?
-4
Let w(f) = f**2 + 8*f - 2. Let v(s) = 2*s**2 + 9*s - 2. Let r(l) = -3*v(l) + 4*w(l). Let m = 0 + 9. Let y be ((-6)/m)/((-2)/9). What is r(y)?
-5
Let t(n) = -n**3 - 2*n**2 - n - 2. Suppose 3*r - 11 = 6*r + 2*y, 0 = 2*y + 2. Determine t(r).
10
Suppose -14 - 1 = -5*d. Suppose 3*k + d = 15. Suppose -2*t - 6 = -2*q + q, 5*q - k*t = 12. Let w(l) = l**3 - l**2 - 5. Determine w(q).
-5
Let r(t) be the second derivative of -t**5/20 - t**4 - 2*t**3 - 5*t**2 - t. Let c be r(-11). Let s(b) = 5*b**2 + b. What is s(c)?
6
Suppose 0 = -4*q + 2*a - 4, 5*a = -14 - 6. Let k be (-16 + 4)*1/q. Let y(p) be the first derivative of p**2/2 + 2*p + 1. Give y(k).
6
Let l(w) be the first derivative of -w**4/4 + w**3/3 + w**2/2 + 2*w - 3. Suppose -2*v = -q - 4*v - 3, 2*v + 9 = q. Let m be (-1 + 1)/(q - 2). What is l(m)?
2
Let r(t) = t + 2. Suppose -5*b = 2*g + 16, 3*b + 15 = -g - 2*g. Give r(b).
0
Let m(i) = -3*i - 3. Let j(r) = 3*r + 3. Let z(v) = -3*j(v) - 4*m(v). Give z(-5).
-12
Let d(w) = -w - 1. Let v be d(5). Let x be v + 5 - -1*1. Let c(q) = -9*q**3 - q**2 + x*q + q + 1 + 2*q**2. Determine c(-1).
10
Let r(w) = -3*w + 1. Let u be (12 + -17)*3/(-5). Let s be (u/(-6))/((-4)/(-8)). Calculate r(s).
4
Let u(n) be the third derivative of -1/6*n**3 - 3*n**2 + 0 + 0*n - 1/12*n**4. Calculate u(-4).
7
Let c = -13 + 9. Let f(g) = -g - 2. Let q be f(c). Let b(i) = -2 - 1 + i**3 - q*i + 0 - 3*i**2. What is b(4)?
5
Let u(m) = -133*m - 4 + 3 + 135*m. Calculate u(1).
1
Let n(t) = t + 13. Let k(g) = 1. Let q(y) = -5*k(y) + n(y). Let m be -5 + 5 + (2 - 2). Give q(m).
8
Let p(j) = -j**3 - 15*j**2 - 15*j - 2. Let w be p(-14). Suppose -w*t = -14*t - 4. Let k(n) = 5*n + 3. Determine k(t).
-7
Let w be 1/2*(-22 - -22). Let y(c) = -3*c + 4*c - 4*c**3 + 3 + 5*c**3. Calculate y(w).
3
Let n be 3/6 + (-1)/(-2). Let b(t) = -t**2 - 4*t + 3. Let v be b(-4). Let i(p) = -p - 6*p + 8*p - v*p**2 + 3 - 4. Determine i(n).
-3
Suppose -3*u + 9 = -0*u. Let h = 11 + -8. Let b(v) = -h*v**3 - v + 2*v**u + 5*v**2 - 2*v**3 - 4 + 4*v**3. What is b(-5)?
1
Let f(m) = m**3 - 2*m**2 + 3*m + 1. Let o(j) = j + 19. Let i be o(-16). Calculate f(i).
19
Let q(w) = -w - 1. Let p = -7 - -6. Let j be 1 + 3/p + 2. Suppose 0 = -r - 3*a + 2*a + 4, j = -5*r - a + 4. What is q(r)?
-1
Let c(f) = -9*f - 1. Let t = -2 - 0. Let n be ((-2)/4)/(t/4). What is c(n)?
-10
Let a(m) be the first derivative of -m**5/60 - m**4/6 + m**3/3 + m**2/2 + 5. Let l(p) be the second derivative of a(p). Determine l(-4).
2
Let x = -670 + 666. Let z(y) be the third derivative of -y**6/120 - y**5/12 - y**4/6 - y**3/2 + y**2. Calculate z(x).
-3
Let s(l) be the second derivative of -l**4/12 - l**3/3 + l**2 + 7*l + 3. Determine s(-3).
-1
Let a be 0*((-6)/2 + 2). Let u(k) be the third derivative of k**6/120 - k**5/60 - k**4/24 + 3*k**3/2 - 6*k**2 + 17. Determine u(a).
9
Let q(l) = -l. Let p be (-40)/(-7) + (-2)/(-7). Give q(p).
-6
Let c(t) = -t + 2. Suppose 4*w + 4 = 5*h, -16 = -4*h - 5*w + 20. Suppose -5*r = -5, -h*r + 1 = -2*o - 1. Give c(o).
1
Let j(a) be the second derivative of a**8/6720 + a**7/504 - a**6/720 + a**5/40 + 3*a**4/4 - 3*a. Let t(n) be the third derivative of j(n). Calculate t(-5).
8
Let k(s) = s**3 + 3*s**2 - 4*s - 4. Suppose 0*c = 4*c - 20. Suppose q - 3 - 3 = 4*a, 4*q = c*a + 24. Let w be (1 + 1)*q/(-4). Give k(w).
8
Let z(k) be the first derivative of k**2/2 + 2*k - 2. Let c(u) = -1. Let p(f) = -6*c(f) - 2*z(f). Suppose 1 + 5 = 3*b. Give p(b).
-2
Let j(n) be the first derivative of 2*n - n**2 - 1 + 0*n - 2 + 5. Let u(f) = -f**2 + 2. Let q be u(2). What is j(q)?
6
Let b = -5 + 3. Let m(x) = -x**3 - 2*x**2 + 2*x - 1. What is m(b)?
-5
Let z(h) = -h**3 + 4*h**2 + 3*h + 6. Suppose 101 = 5*a - 159. Let o be a/12 - 4/(-6). Calculate z(o).
-4
Let p(r) be the third derivative of 3*r**2 - 1/6*r**4 + 1/180*r**6 + 0*r - 1/24*r**5 - 1/3*r**3 + 0. Let z(v) be the first derivative of p(v). Determine z(4).
8
Suppose 3*t - 21 = -3*x - 3, -x + 4*t - 14 = 0. Let z(w) = -x + 2 + w. Suppose -9*u + 8*u = 0. What is z(u)?
0
Let i be 1/3*9/2*4. Let v(b) = 2*b**3 + 9*b**2 + 3*b - 12. Let s(u) = u**3 + u**2 - 1. Let w(p) = 3*s(p) - v(p). Calculate w(i).
-9
Let f(d) be the second derivative of 0 - 3*d - 1/2*d**2 + 1/6*d**3. Suppose 6*t = 2*t - 16. What is f(t)?
-5
Let